{"id":132,"date":"2025-07-04T16:15:02","date_gmt":"2025-07-04T15:15:02","guid":{"rendered":"https:\/\/marsimmo-ma.com\/?page_id=132"},"modified":"2025-07-04T16:15:02","modified_gmt":"2025-07-04T15:15:02","slug":"mentions-legales","status":"publish","type":"page","link":"https:\/\/marsimmo-ma.com\/?page_id=132","title":{"rendered":"Mentions l\u00e9gales"},"content":{"rendered":"\n<p>\/mentions-legales<\/p>\n\n\n\n<h3 class=\"wp-block-heading\">Mentions l\u00e9gales<\/h3>\n\n\n\n<p>Conform\u00e9ment aux dispositions de la loi, nous vous informons des \u00e9l\u00e9ments suivants :<\/p>\n\n\n\n<h4 class=\"wp-block-heading\">\u00c9diteur du site<\/h4>\n\n\n\n<ul class=\"wp-block-list\">\n<li><strong>Nom de la soci\u00e9t\u00e9<\/strong> : MARS Immo \u2013 SARL<\/li>\n\n\n\n<li><strong>Forme juridique<\/strong> : Soci\u00e9t\u00e9 \u00e0 responsabilit\u00e9 limit\u00e9e<\/li>\n\n\n\n<li><strong>Si\u00e8ge social<\/strong> : Agadir \u2013 Maroc<\/li>\n\n\n\n<li><strong>Email de contact<\/strong> : <a>contact@marsimmo-ma.com<\/a><\/li>\n<\/ul>\n\n\n\n<h4 class=\"wp-block-heading\">Directeur de la publication<\/h4>\n\n\n\n<p>Manuia Le Bl\u00e9vec, en sa qualit\u00e9 de g\u00e9rante de la soci\u00e9t\u00e9.<\/p>\n\n\n\n<h4 class=\"wp-block-heading\">H\u00e9bergement<\/h4>\n\n\n\n<ul class=\"wp-block-list\">\n<li><strong>Nom de l\u2019h\u00e9bergeur<\/strong> : OVH<\/li>\n\n\n\n<li><strong>Adresse<\/strong> : 2 rue Kellermann, 59100 Roubaix, France<\/li>\n\n\n\n<li><strong>Site<\/strong> : <a class=\"\" href=\"https:\/\/www.ovh.com\">www.ovh.com<\/a><\/li>\n<\/ul>\n\n\n\n<h4 class=\"wp-block-heading\">Propri\u00e9t\u00e9 intellectuelle<\/h4>\n\n\n\n<p>L\u2019ensemble des \u00e9l\u00e9ments figurant sur ce site (textes, images, logo, design, etc.) sont la propri\u00e9t\u00e9 exclusive de MARS Immo \u2013 SARL.<br>Toute reproduction, totale ou partielle, est strictement interdite sans autorisation \u00e9crite pr\u00e9alable.<\/p>\n\n\n\n<h4 class=\"wp-block-heading\">Responsabilit\u00e9<\/h4>\n\n\n\n<p>MARS Immo s\u2019efforce de fournir des informations aussi pr\u00e9cises que possible. Toutefois, elle ne pourra \u00eatre tenue responsable des omissions, des inexactitudes ou des carences dans la mise \u00e0 jour, qu\u2019elles soient de son fait ou du fait de tiers.<\/p>\n\n\n\n<h4 class=\"wp-block-heading\">Donn\u00e9es personnelles<\/h4>\n\n\n\n<p>Les informations collect\u00e9es via ce site (formulaire de contact, WhatsApp, etc.) sont uniquement destin\u00e9es \u00e0 r\u00e9pondre \u00e0 vos demandes.<br>Aucune donn\u00e9e n\u2019est vendue ou transmise \u00e0 des tiers.<br>Pour plus d\u2019informations, consultez notre <a class=\"\" href=\"#\">politique de confidentialit\u00e9<\/a>.<\/p>\n","protected":false},"excerpt":{"rendered":"<p>\/mentions-legales Mentions l\u00e9gales Conform\u00e9ment aux dispositions de la loi, nous vous informons des \u00e9l\u00e9ments suivants : \u00c9diteur du site Directeur [&hellip;]<\/p>\n","protected":false},"author":1,"featured_media":0,"parent":0,"menu_order":0,"comment_status":"closed","ping_status":"closed","template":"","meta":{"site-sidebar-layout":"default","site-content-layout":"","ast-site-content-layout":"default","site-content-style":"default","site-sidebar-style":"default","ast-global-header-display":"","ast-banner-title-visibility":"","ast-main-header-display":"","ast-hfb-above-header-display":"","ast-hfb-below-header-display":"","ast-hfb-mobile-header-display":"","site-post-title":"","ast-breadcrumbs-content":"","ast-featured-img":"","footer-sml-layout":"","theme-transparent-header-meta":"","adv-header-id-meta":"","stick-header-meta":"","header-above-stick-meta":"","header-main-stick-meta":"","header-below-stick-meta":"","astra-migrate-meta-layouts":"default","ast-page-background-enabled":"default","ast-page-background-meta":{"desktop":{"background-color":"var(--ast-global-color-5)","background-image":"","background-repeat":"repeat","background-position":"center center","background-size":"auto","background-attachment":"scroll","background-type":"","background-media":"","overlay-type":"","overlay-color":"","overlay-opacity":"","overlay-gradient":""},"tablet":{"background-color":"","background-image":"","background-repeat":"repeat","background-position":"center center","background-size":"auto","background-attachment":"scroll","background-type":"","background-media":"","overlay-type":"","overlay-color":"","overlay-opacity":"","overlay-gradient":""},"mobile":{"background-color":"","background-image":"","background-repeat":"repeat","background-position":"center center","background-size":"auto","background-attachment":"scroll","background-type":"","background-media":"","overlay-type":"","overlay-color":"","overlay-opacity":"","overlay-gradient":""}},"ast-content-background-meta":{"desktop":{"background-color":"var(--ast-global-color-4)","background-image":"","background-repeat":"repeat","background-position":"center center","background-size":"auto","background-attachment":"scroll","background-type":"","background-media":"","overlay-type":"","overlay-color":"","overlay-opacity":"","overlay-gradient":""},"tablet":{"background-color":"var(--ast-global-color-4)","background-image":"","background-repeat":"repeat","background-position":"center center","background-size":"auto","background-attachment":"scroll","background-type":"","background-media":"","overlay-type":"","overlay-color":"","overlay-opacity":"","overlay-gradient":""},"mobile":{"background-color":"var(--ast-global-color-4)","background-image":"","background-repeat":"repeat","background-position":"center center","background-size":"auto","background-attachment":"scroll","background-type":"","background-media":"","overlay-type":"","overlay-color":"","overlay-opacity":"","overlay-gradient":""}},"footnotes":""},"class_list":["post-132","page","type-page","status-publish","hentry"],"_links":{"self":[{"href":"https:\/\/marsimmo-ma.com\/index.php?rest_route=\/wp\/v2\/pages\/132","targetHints":{"allow":["GET"]}}],"collection":[{"href":"https:\/\/marsimmo-ma.com\/index.php?rest_route=\/wp\/v2\/pages"}],"about":[{"href":"https:\/\/marsimmo-ma.com\/index.php?rest_route=\/wp\/v2\/types\/page"}],"author":[{"embeddable":true,"href":"https:\/\/marsimmo-ma.com\/index.php?rest_route=\/wp\/v2\/users\/1"}],"replies":[{"embeddable":true,"href":"https:\/\/marsimmo-ma.com\/index.php?rest_route=%2Fwp%2Fv2%2Fcomments&post=132"}],"version-history":[{"count":1,"href":"https:\/\/marsimmo-ma.com\/index.php?rest_route=\/wp\/v2\/pages\/132\/revisions"}],"predecessor-version":[{"id":133,"href":"https:\/\/marsimmo-ma.com\/index.php?rest_route=\/wp\/v2\/pages\/132\/revisions\/133"}],"wp:attachment":[{"href":"https:\/\/marsimmo-ma.com\/index.php?rest_route=%2Fwp%2Fv2%2Fmedia&parent=132"}],"curies":[{"name":"wp","href":"https:\/\/api.w.org\/{rel}","templated":true}]}}